(d).
12
Let p = 16443 - 16435. Let a(b) = -b**3 + 11*b**2 - 7*b - 12. What is a(p)?
124
Suppose -32*j + 5*b - 110 = -37*j, 0 = j + 5*b - 46. Let a(r) = -2*r**2 + 32*r + 5. What is a(j)?
5
Let h(v) = v**2 - 2*v - 14. Let p be (-2)/(-4) + (-13)/2. Let n(c) be the first derivative of -c**2/2 + c - 1607. Let o(t) = p*n(t) - h(t). Calculate o(7).
15
Let a(v) = -17 - 2*v**2 - 3*v - 24 + 6*v + 13*v + 38. Give a(8).
-3
Let h(q) = 4*q + 1463*q**2 - 1462*q**2 + 8*q + 11*q - 20*q - 7. Let l be ((-4)/(-6))/((-2)/(-9)). Determine h(l).
11
Let o(x) = 9*x + 4*x**3 - x**2 - 12 + 20*x - 33*x. Let n(v) = -v**3 - v**2 + 2. Let c(q) = -3*n(q) - o(q). Determine c(5).
1
Let c(p) = -117*p**3 + p**2 - 4*p - 4. Let u be c(-1). Suppose -m - 114 + u = 0. Let y(h) = 2*h - 5. What is y(m)?
3
Let q(t) be the second derivative of -t**6/360 - t**5/20 - t**4/12 + 39*t**3/2 - 66*t. Let z(s) be the third derivative of q(s). Calculate z(-8).
10
Let x(a) be the third derivative of -a**7/1260 + a**6/80 - 21*a**5/10 + 104*a**2. Let j(l) be the third derivative of x(l). Calculate j(4).
-7
Let y(n) = 8*n + 54953*n**2 - 27474*n**2 + 7 - 27478*n**2. Let s be 1 + 28/8*-2. Calculate y(s).
-5
Let m(u) = -u**3 + 9*u**2 + 11*u - 14. Suppose 35*w = 24*w + 66. Let c be (-5)/((-225)/w) - (-444)/45. Determine m(c).
-4
Let x(h) = 4. Let u(n) = -n + 1. Let t = 230 + -231. Let i(c) = t*x(c) + 2*u(c). Let b = -4 - -6. Determine i(b).
-6
Let m(o) be the third derivative of -o**5/60 + 3*o**4/8 - 3*o**3 - 12254*o**2. Calculate m(2).
-4
Let b(y) = -y**3 - 4*y**2 + 100*y + 39. Let c be b(-12). Let i(d) = -25*d - 216. Give i(c).
9
Let t(y) = 3061 - 2*y**2 + 44*y + 3116 - 6173. Calculate t(21).
46
Let c(x) = x**3 - 11*x**2 - x + 4. Let m be (-2 + 1)/((-2)/34). Let w(r) = 3*r - 40. Let h be w(m). Determine c(h).
-7
Let l(p) = -p**2 + 9*p - 26. Suppose 23*m - 11*m = 105*m - 930. Give l(m).
-36
Let j = -46 + 47. Suppose 3*x = -j + 28. Let z(n) = 3*n**2 - 2*n**3 - x*n**2 - 10 + 3*n + n**3 + 3*n. Determine z(-7).
-3
Let n = 65411/660 + -1090/11. Let c(f) be the third derivative of 0 - 3/2*f**3 + 0*f + 4*f**2 - n*f**5 - 1/24*f**4. Give c(0).
-9
Let i(c) be the second derivative of c**6/360 - c**5/40 - 3*c**4/8 + c**3/6 - 45*c**2/2 + 11*c + 3. Let a(u) be the second derivative of i(u). Determine a(8).
31
Let i(m) be the first derivative of -m**5/60 + m**4/3 - m**3/3 + 6*m**2 + 104. Let q(r) be the third derivative of i(r). Give q(6).
-4
Let k be (-848)/(-40) - 1/5. Let s = k - 25. Let y(a) = a**2 + 4 + 86*a - 79*a - 3 + 1 + 4. Calculate y(s).
-6
Let z(p) = -p**3 + 2*p - 1. Let y be z(0). Let i be ((-14)/42)/(y/(-15)). Let v(x) = -x**3 - 4*x**2 + 7*x + 6. What is v(i)?
-4
Let i(w) = w**2 - w - 13. Suppose 0*k - 4*k + s + 372 = 0, 2*s = -3*k + 279. Let g = -93 + k. Give i(g).
-13
Let a(y) = 13*y**3 - 37*y**2 - 3*y + 4. Let l(s) = 3*s**3 - 9*s**2 - s + 1. Let h = 140 - 149. Let m(g) = h*l(g) + 2*a(g). Calculate m(7).
20
Suppose -4997*s + 9 = -5006*s - 0. Let q(k) = -5 - 11*k - 3 + 7. Give q(s).
10
Let i(r) = -9*r - 114. Let h(w) = 37*w - 826. Let d be h(22). What is i(d)?
-6
Suppose y + 194 = -3*y - 3*m, y - 3*m = -41. Let j = 48 + y. Let t(r) = -10*r**3 + r**2 + r - 1. Give t(j).
-9
Let j(u) = 4*u + 78. Let t be j(-25). Let l be (1 - 0)/(t/(-1606)). Let c(f) = 2 + l*f**2 - 8*f - 3 + 0*f - 74*f**2. Give c(-4).
15
Let v(d) = -d**3 + 4*d**2 - 3*d + 2. Let x = -18 + -8. Let w be (-1)/((x/72)/13). Let b = -34 + w. Determine v(b).
4
Suppose 5*q + 5*w - 90 = -20, -2 = -2*w. Let t(p) = 2*p**2 - 26*p + 4. Determine t(q).
4
Let p(m) be the first derivative of 7/2*m**2 + 2*m + 1/3*m**3 - 4. Let h be (3/(-9))/((-10)/(-1260)*6). What is p(h)?
2
Suppose 75 - 76 = -s. Let c(v) = 15*v + 25. Let y(w) = 2*w. Let z(h) = s*c(h) - 6*y(h). Calculate z(-11).
-8
Let l(q) be the third derivative of 1/12*q**4 + 52*q + 0 - 13/6*q**3 + 2*q**2. Let w be (6 + -4)*9/2. Give l(w).
5
Let i(t) = -5*t + 687 - 340 - 342. What is i(1)?
0
Suppose 5*v - 38 = -13. Suppose 2*s = -2*u + 3*s + 39, -4*s - 99 = -5*u. Suppose v*m + u = 59. Let x(i) = -i**2 + 10*i - 9. Calculate x(m).
7
Suppose 23*q - 43 + 457 = 0. Let m(w) = w**2 + 23*w + 95. Determine m(q).
5
Let x be (5 - 0)/(170/(-306)). Let a(u) = u**3 + 8*u**2 - 11*u - 22. Calculate a(x).
-4
Let p(o) = -202*o - 2219. Let n be p(-11). Let l(i) be the third derivative of -16*i**2 + 0*i + 0 + 1/6*i**4 + i**n. What is l(5)?
26
Let m(i) be the third derivative of -i**6/120 + 13*i**5/60 + i**4/24 - 8*i**3/3 + 3*i**2 - 58*i - 13. Suppose 0*g + 2*g - 26 = 0. Determine m(g).
-3
Let a(k) = -7*k**2 - 19*k + 38. Let i(m) = 10*m**2 + 27*m - 54. Let v(c) = -17*a(c) - 12*i(c). What is v(2)?
-4
Let x(t) = 19*t - 1. Let b be 24/(-10)*-5 + (-1)/(-1). Let c(r) = 5 - 32 - 1 - b + 8*r**2 + r**3 - 5*r. Let h be c(-8). Calculate x(h).
-20
Let d(v) be the first derivative of 2*v**3/3 - 9*v**2/2 + 11*v - 4950. What is d(4)?
7
Let n(k) = 4*k - 1. Let s = -1664 + 1663. Let j = 17 - 32. Let o be -4*(j/(-12) + s). Give n(o).
-5
Let m(j) be the third derivative of -j**6/120 - j**4/12 + j**3/6 - 1999*j**2. Let n = -5 + 3. Calculate m(n).
13
Let a(t) = -3*t**2 + 9*t + 2. Let n(f) = f**2 - 3*f - 1. Let q(c) = -2*a(c) - 5*n(c). Let u(m) = -m**2 + 5*m + 1. Let z be u(5). Calculate q(z).
-1
Suppose -3*y - 4*a + 6*a = 5, 0 = -y - 4*a + 17. Let b(l) be the first derivative of -1 + 4*l - y + 2*l**2 - 4 - 6. Determine b(-5).
-16
Let t be (-5 - (34 + -33)*(-4 + -1))/(-1). Let k(i) = 0*i**2 + 1 - 10 + i**2. Calculate k(t).
-9
Let j(m) = 44395 - 60*m - 22233 - 21794. Give j(6).
8
Let v(w) = -w**2 + w - 1. Let j = -52 - -52. Suppose j = 3*l + 1 + 2. Let z be -1*l/(3 - 2). Determine v(z).
-1
Let w(t) = -7*t**2 + 2*t - 2. Suppose 898 - 126 = 132*p + 61*p. Determine w(p).
-106
Let b(r) = -28 + 1386*r + 10 - 1382*r. Determine b(6).
6
Let j(r) = -r + 26. Suppose -13*y + 4 = -10*y - 2*q, -4*q = -4. Let k be (19/y + -2)/(91/182). Determine j(k).
11
Let w(u) = u + 6. Let a(x) be the first derivative of x - 67. Suppose 5*l = -j - 6, -9*l - 9 = 4*j - 4*l. Let g(p) = j*w(p) + 6*a(p). What is g(8)?
-8
Let i(r) be the second derivative of -1/20*r**5 + 0 + 1/2*r**4 - 1/2*r**2 - 14*r + 1/6*r**3. Let n be 12/(-16)*2*-4. Determine i(n).
5
Let y = 0 + 2. Suppose 4*c + y*x + 18 = 0, -c - 39 = 3*c - 5*x. Let o(w) = 62*w + 2 - 6 + w**3 - 57*w - 3 + 7*w**2. What is o(c)?
-1
Let c be ((-88)/(-16) - 7)*-2 + 4. Let l(j) = -6*j - 17. Determine l(c).
-59
Let i(f) be the first derivative of f**4/4 - 10*f**3/3 - 5*f**2 - 13*f + 126. Let q be i(11). Let h(v) = v. Determine h(q).
-2
Let d(l) = -11*l**2 - 36*l - 1. Let u(y) = 9*y**2 + 32*y + 2. Let o(a) = 4*d(a) + 5*u(a). Calculate o(-13).
-33
Suppose 14*w - 13*w + 2*y - 658 = 0, -2*w + 3*y + 1309 = 0. Let a = w + -658. Let u(t) = 3*t**2 + 7*t + 3. What is u(a)?
1
Let u(d) = 2*d - 52. Suppose 2*t - 3*f - 81 = -87, -t = -5*f - 18. What is u(t)?
-76
Let n(c) = -c**3 - 6*c**2 + 4*c - 3. Let t = -23774 - -23769. Calculate n(t).
-48
Let s(f) = -26*f - 2. Let n = 11977 + -11979. Calculate s(n).
50
Let g(d) = 6*d - d**2 - 6*d - 14. Let n = -513 - -513. Suppose q = 2*x + 1, n = -5*x - 0*x + 4*q - 4. Calculate g(x).
-14
Let z(p) = -2*p**3 - 7*p**2 - 2*p + 8. Suppose 493 - 499 = -n + 5*h, 4*h + 8 = 0. Calculate z(n).
32
Let p(f) = f**3 + 6*f**2 - 13*f - 53. Let g be -4*(200/32 + -6)*(-7)/(-1). Determine p(g).
-11
Suppose 2*p = 0, -6 = -2*b - 9*p + 10*p. Let z(i) = 26*i**b - 7 - 54*i**3 + 7*i**2 + i + 5*i + 29*i**3. Calculate z(-5).
13
Suppose -26*h = -13*h - 208. Let u be h/(-4) - (-1 - -1). Let c(n) = 2*n**2 + 6*n + 6. Calculate c(u).
14
Let v(o) be the first derivative of -o**2 + 6*o - 2. Suppose 5*n = -3*u + 450, 0*n - 3*n - 2*u + 270 = 0. Suppose 0*b = 15*b - n. Give v(b).
-6
Suppose -6 = -2*w, j - 5*w + 15 = -0*j. Let a be 4 + (-3)/(-3) + (6 - 9). Let g(s) = 14 - 51*s - 45*s - s**a + 97*s - s**3. Give g(j).
14
Let i(m) = 103*m**2 + 14*m - 15. Let f(d) = 61*d**2 + 8*d - 8. Let n(u) = 11*f(u) - 6*i(u). Determine n(-1).
51
Let z(k) = 6*k - 35. Suppose -135 = -15622*b + 15595*b. Determine z(b).
-5
Suppose t - 5*j - 146 = -0*t, 3*t - 438 = 2*j. Let d(k) = -3*k - 147*k**3 + 8*k**2 - 9 + 294*k**3 - t*k**3. What is d(-8)?
15
Let z be ((-69)/(-33) + -2 - 5/55) + 0. Let s(u) = -2*u**3 + 2*u**2 + 2*u - 31. Calculate s(z).
-31
Let c(a) = 57